74?
4
What is the units digit of 121326?
6
What is the ten thousands digit of 619457?
1
What is the ten thousands digit of 810677?
1
What is the tens digit of 6665?
6
What is the hundreds digit of 3564559?
5
What is the ten thousands digit of 721638?
2
What is the tens digit of 3062589?
8
What is the hundreds digit of 872720?
7
What is the hundreds digit of 334044?
0
What is the thousands digit of 34816362?
6
What is the tens digit of 9156847?
4
What is the hundreds digit of 5547535?
5
What is the hundreds digit of 253922?
9
What is the hundred thousands digit of 161300?
1
What is the millions digit of 1145080?
1
What is the millions digit of 3402065?
3
What is the ten thousands digit of 2603981?
0
What is the tens digit of 436433?
3
What is the hundred thousands digit of 142807?
1
What is the ten thousands digit of 806500?
0
What is the units digit of 4115973?
3
What is the ten thousands digit of 356552?
5
What is the millions digit of 1411292?
1
What is the tens digit of 5539132?
3
What is the tens digit of 132630?
3
What is the ten thousands digit of 6614396?
1
What is the thousands digit of 857897?
7
What is the hundreds digit of 31919?
9
What is the millions digit of 6183197?
6
What is the hundreds digit of 145146?
1
What is the hundreds digit of 357577?
5
What is the ten thousands digit of 5167738?
6
What is the thousands digit of 588618?
8
What is the thousands digit of 219612?
9
What is the units digit of 686710?
0
What is the ten thousands digit of 182100?
8
What is the hundreds digit of 640719?
7
What is the tens digit of 87489?
8
What is the ten thousands digit of 1011801?
1
What is the hundreds digit of 499328?
3
What is the units digit of 397948?
8
What is the ten thousands digit of 302332?
0
What is the tens digit of 1649321?
2
What is the tens digit of 828465?
6
What is the hundreds digit of 204775?
7
What is the millions digit of 1435869?
1
What is the thousands digit of 3432126?
2
What is the units digit of 266545?
5
What is the ten thousands digit of 213556?
1
What is the thousands digit of 2365832?
5
What is the units digit of 6885935?
5
What is the ten millions digit of 14709652?
1
What is the ten thousands digit of 331018?
3
What is the ten thousands digit of 5051317?
5
What is the millions digit of 1458321?
1
What is the thousands digit of 4701509?
1
What is the ten thousands digit of 13232148?
3
What is the hundreds digit of 2283554?
5
What is the tens digit of 4800902?
0
What is the hundreds digit of 2849281?
2
What is the thousands digit of 2365547?
5
What is the ten thousands digit of 29852?
2
What is the tens digit of 5127355?
5
What is the hundreds digit of 2968774?
7
What is the thousands digit of 1765241?
5
What is the tens digit of 16572501?
0
What is the hundred thousands digit of 166830?
1
What is the hundred thousands digit of 1409385?
4
What is the tens digit of 221582?
8
What is the tens digit of 48786?
8
What is the ten thousands digit of 613843?
1
What is the millions digit of 6508992?
6
What is the hundred thousands digit of 316424?
3
What is the millions digit of 5899739?
5
What is the thousands digit of 22741264?
1
What is the units digit of 438352?
2
What is the units digit of 487511?
1
What is the hundred thousands digit of 438879?
4
What is the tens digit of 512783?
8
What is the tens digit of 43652?
5
What is the ten thousands digit of 1888163?
8
What is the thousands digit of 1122052?
2
What is the ten thousands digit of 34773136?
7
What is the millions digit of 1027759?
1
What is the ten thousands digit of 250522?
5
What is the hundred thousands digit of 2659559?
6
What is the thousands digit of 629492?
9
What is the units digit of 15034408?
8
What is the hundreds digit of 24232?
2
What is the hundred thousands digit of 8172384?
1
What is the hundreds digit of 17444?
4
What is the hundreds digit of 1285083?
0
What is the thousands digit of 50231?
0
What is the hundred thousands digit of 309851?
3
What is the units digit of 3104122?
2
What is the tens digit of 2462178?
7
What is the ten thousands digit of 5319592?
1
What is the ten thousands digit of 1099401?
9
What is the ten thousands digit of 1713910?
1
What is the hundred thousands digit of 430160?
4
What is the hundred thousands digit of 1169032?
1
What is the thousands digit of 9477805?
7
What is the ten thousands digit of 1084407?
8
What is the tens digit of 5498112?
1
What is the hundreds digit of 1491423?
4
What is the tens digit of 51367?
6
What is the hundred thousands digit of 2750925?
7
What is the units digit of 1301120?
0
What is the ten thousands digit of 126080?
2
What is the units digit of 408938?
8
What is the hundreds digit of 495352?
3
What is the thousands digit of 19191128?
1
What is the units digit of 34914?
4
What is the hundreds digit of 1309223?
2
What is the hundreds digit of 2268304?
3
What is the millions digit of 7474453?
7
What is the tens digit of 30709524?
2
What is the tens digit of 222901?
0
What is the ten thousands digit of 60580?
6
What is the units digit of 414996?
6
What is the hundred thousands digit of 1289410?
2
What is the tens digit of 4509450?
5
What is the hundred thousands digit of 112413?
1
What is the tens digit of 314981?
8
What is the ten thousands digit of 3062743?
6
What is the hundred thousands digit of 476102?
4
What is the thousands digit of 3191383?
1
What is the hundred thousands digit of 16793740?
7
What is the millions digit of 5789975?
5
What is the hundred thousands digit of 243238?
2
What is the tens digit of 80947?
4
What is the ten millions digit of 24912662?
2
What is the ten thousands digit of 225681?
2
What is the units digit of 1446039?
9
What is the units digit of 1762084?
4
What is the ten thousands digit of 334573?
3
What is the tens digit of 194177?
7
What is the units digit of 904804?
4
What is the hundred thousands digit of 928053?
9
What is the tens digit of 291355?
5
What is the hundreds digit of 341477?
4
What is the hundreds digit of 503155?
1
What is the millions digit of 5841521?
5
What is the ten thousands digit of 937919?
3
What is the hundreds digit of 1139740?
7
What is the thousands digit of 10156?
0
What is the tens digit of 338458?
5
What is the hundreds digit of 850724?
7
What is the hundred thousands digit of 3352711?
3
What is the thousands digit of 3711765?
1
What is the thousands digit of 958473?
8
What is the millions digit of 1666707?
1
What is the tens digit of 361994?
9
What is the ten thousands digit of 1232544?
3
What is the hundreds digit of 1887026?
0
What is the thousands digit of 237858?
7
What is the ten thousands digit of 7272180?
7
What is the hundred thousands digit of 6127899?
1
What is the tens digit of 120479?
7
What is the thousands digit of 1141898?
1
What is the units digit of 128424?
4
What is the millions digit of 2806728?
2
What is the units digit of 335151?
1
What is the units digit of 10115114?
4
What is the units digit of 90102?
2
What is the tens digit of 151928?
2
What is the units digit of 28447545?
5
What is the hundred thousands digit of 594464?
5
What is the thousands digit of 1202000?
2
What is the hundreds digit of 39735?
7
What is the tens digit of 237007?
0
What is the thousands digit of 113092?
3
What is the hundreds digit of 9279284?
2
What is the tens digit of 103102?
0
What is the units digit of 111866?
6
What is the hundreds digit of 431964?
9
What is the hundreds digit of 257316?
3
What is the ten thousands digit of 9332525?
3
What is the hundred thousands digit of 1923698?
9
What is the thousands digit of 214162?
4
What is the tens digit of 408771?
7
What is the ten thousands digit of 8253379?
5
What is the units digit of 13247967?
7
What is the hundreds digit of 732847?
8
What is the hundred thousands digit of 166957?
1
What is the thousands digit of 96292?
6
What is the thousands digit of 173222?
3
What is the units digit of 65831?
1
What is the units digit of 1267069?
9
What is the ten thousands digit of 25141?
2
What is the thousands digit of 5524422?
4
What is the ten thousands digit of 191559?
9
What is the millions digit of 1088709?
1
What is the tens digit of 1328734?
3
What is the tens digit of 541795?
9
What is the hundreds digit of 12429483?
4
What is the thousands digit of 358430?
8
What is the t